{"id":535,"date":"2024-09-18T09:17:30","date_gmt":"2024-09-18T09:17:30","guid":{"rendered":"https:\/\/info.sociescuela.es\/?page_id=535"},"modified":"2024-09-18T11:00:43","modified_gmt":"2024-09-18T11:00:43","slug":"adquisicion-de-licencias","status":"publish","type":"page","link":"https:\/\/info.sociescuela.es\/index.php\/adquisicion-de-licencias\/","title":{"rendered":"Adquisici\u00f3n de licencias"},"content":{"rendered":"\n<p>Los centros pertenecientes a las Comunidades Aut\u00f3nomas, grupos o estudios con contrato de colaboraci\u00f3n con Sociescuela tienen acceso gratuito a la aplicaci\u00f3n en funci\u00f3n de acuerdo firmado.<\/p>\n\n\n\n<div class=\"wp-block-uagb-container uagb-block-61fda14a alignfull uagb-is-root-container\"><div class=\"uagb-container-inner-blocks-wrap\">\n<div class=\"wp-block-uagb-container uagb-block-726f08c4\">\n<div class=\"wp-block-group is-vertical is-layout-flex wp-container-core-group-is-layout-8cf370e7 wp-block-group-is-layout-flex\">\n<h2 class=\"wp-block-heading has-neve-link-color-color has-text-color has-link-color wp-elements-77630c18145366256abd938ab6146568\">Test de convivencia<\/h2>\n<\/div>\n\n\n\n<div class=\"wp-block-group is-vertical is-layout-flex wp-container-core-group-is-layout-8cf370e7 wp-block-group-is-layout-flex\">\n<ul class=\"wp-block-list\">\n<li>Test para 5 grupos = 15\u20ac<\/li>\n\n\n\n<li>Test para 10 grupos = 25\u20ac<\/li>\n\n\n\n<li>Test para 20 grupos = 45\u20ac<\/li>\n\n\n\n<li>Test para 30 grupos = 65\u20ac<\/li>\n\n\n\n<li>Test para 50 grupos = 100\u20ac<\/li>\n\n\n\n<li>Test para 100 grupos = 180\u20ac<\/li>\n<\/ul>\n<\/div>\n\n\n\n<p>* 1 test para un grupo de alumnos\/as <br>(Grupos con entre 9 y 36 alumnos\/as)<\/p>\n<\/div>\n\n\n\n<div class=\"wp-block-uagb-container uagb-block-ba3bd397\">\n<div class=\"wp-block-group is-vertical is-layout-flex wp-container-core-group-is-layout-8cf370e7 wp-block-group-is-layout-flex\">\n<h2 class=\"wp-block-heading has-neve-link-color-color has-text-color has-link-color wp-elements-34ff432393e3e2fc9cff2429c6700ed9\">Test de screening<\/h2>\n<\/div>\n\n\n\n<div class=\"wp-block-group is-vertical is-layout-flex wp-container-core-group-is-layout-8cf370e7 wp-block-group-is-layout-flex\">\n<ul class=\"wp-block-list\">\n<li>Test para 50 alumnas\/os = 12\u20ac<\/li>\n\n\n\n<li>Test para 100 alumnas\/os = 20\u20ac<\/li>\n\n\n\n<li>Test para 200 alumnas\/os = 35\u20ac<\/li>\n\n\n\n<li>Test para 300 alumnas\/os = 50\u20ac<\/li>\n\n\n\n<li>Test para 500 alumnas\/os = 75\u20ac<\/li>\n\n\n\n<li>Test para 1000 alumnas\/os = 100\u20ac<\/li>\n<\/ul>\n<\/div>\n\n\n\n<div class=\"wp-block-group is-vertical is-layout-flex wp-container-core-group-is-layout-8cf370e7 wp-block-group-is-layout-flex\">\n<p><\/p>\n<\/div>\n<\/div>\n<\/div><\/div>\n\n\n\n<h2 class=\"wp-block-heading\">Acuerdos de colaboraci\u00f3n curso 2024-2025<\/h2>\n\n\n\n<h3 class=\"wp-block-heading\">Castilla y Le\u00f3n<\/h3>\n\n\n\n<p>Los centros pertenecientes a la Castilla y Le\u00f3n tienen acceso completo y de manera gratuita al <strong>Test de convivencia<\/strong> y al <strong>Test de screening<\/strong><\/p>\n\n\n\n<h3 class=\"wp-block-heading\">Comunidad de Madrid<\/h3>\n\n\n\n<p>Los centros pertenecientes a la Comunidad de Madrid tienen acceso completo y de manera gratuita al <strong>Test de convivencia<\/strong> y al <strong>Test de screening<\/strong><\/p>\n\n\n\n<h3 class=\"wp-block-heading\">Comunidad Foral de Navarra<\/h3>\n\n\n\n<p>Los centros pertenecientes a la Comunidad Foral de Navarra tienen acceso completo y de manera gratuita al <strong>Test de convivencia<\/strong> y al <strong>Test de screening<\/strong><\/p>\n\n\n\n<h3 class=\"wp-block-heading\">Comunitat Valenciana<\/h3>\n\n\n\n<p>Los centros pertenecientes a la Comunitat Valenciana tienen acceso completo y de manera gratuita al <strong>Test de convivencia<\/strong> y al <strong>Test de screening<\/strong><\/p>\n\n\n\n<p><\/p>\n","protected":false},"excerpt":{"rendered":"<p>Los centros pertenecientes a las Comunidades Aut\u00f3nomas, grupos o estudios con contrato de colaboraci\u00f3n con Sociescuela tienen acceso gratuito a la aplicaci\u00f3n en funci\u00f3n de acuerdo firmado. Test de convivencia * 1 test para un grupo de alumnos\/as (Grupos con entre 9 y 36 alumnos\/as) Test de screening Acuerdos de colaboraci\u00f3n curso 2024-2025 Castilla y&hellip;&nbsp;<a href=\"https:\/\/info.sociescuela.es\/index.php\/adquisicion-de-licencias\/\" class=\"\" rel=\"bookmark\">Leer m\u00e1s &raquo;<span class=\"screen-reader-text\">Adquisici\u00f3n de licencias<\/span><\/a><\/p>\n","protected":false},"author":3,"featured_media":0,"parent":0,"menu_order":0,"comment_status":"closed","ping_status":"closed","template":"","meta":{"_uag_custom_page_level_css":"","neve_meta_sidebar":"","neve_meta_container":"","neve_meta_enable_content_width":"","neve_meta_content_width":0,"neve_meta_title_alignment":"","neve_meta_author_avatar":"","neve_post_elements_order":"","neve_meta_disable_header":"","neve_meta_disable_footer":"","neve_meta_disable_title":"","_themeisle_gutenberg_block_has_review":false,"_ti_tpc_template_sync":false,"_ti_tpc_template_id":"","footnotes":""},"class_list":["post-535","page","type-page","status-publish","hentry"],"yoast_head":"<!-- This site is optimized with the Yoast SEO plugin v23.4 - https:\/\/yoast.com\/wordpress\/plugins\/seo\/ -->\n<title>Adquisici\u00f3n de licencias - SOCIESCUELA<\/title>\n<meta name=\"robots\" content=\"index, follow, max-snippet:-1, max-image-preview:large, max-video-preview:-1\" \/>\n<link rel=\"canonical\" href=\"https:\/\/info.sociescuela.es\/index.php\/adquisicion-de-licencias\/\" \/>\n<meta property=\"og:locale\" content=\"es_ES\" \/>\n<meta property=\"og:type\" content=\"article\" \/>\n<meta property=\"og:title\" content=\"Adquisici\u00f3n de licencias - SOCIESCUELA\" \/>\n<meta property=\"og:description\" content=\"Los centros pertenecientes a las Comunidades Aut\u00f3nomas, grupos o estudios con contrato de colaboraci\u00f3n con Sociescuela tienen acceso gratuito a la aplicaci\u00f3n en funci\u00f3n de acuerdo firmado. Test de convivencia * 1 test para un grupo de alumnos\/as (Grupos con entre 9 y 36 alumnos\/as) Test de screening Acuerdos de colaboraci\u00f3n curso 2024-2025 Castilla y&hellip;&nbsp;Leer m\u00e1s &raquo;Adquisici\u00f3n de licencias\" \/>\n<meta property=\"og:url\" content=\"https:\/\/info.sociescuela.es\/index.php\/adquisicion-de-licencias\/\" \/>\n<meta property=\"og:site_name\" content=\"SOCIESCUELA\" \/>\n<meta property=\"article:modified_time\" content=\"2024-09-18T11:00:43+00:00\" \/>\n<meta name=\"twitter:card\" content=\"summary_large_image\" \/>\n<meta name=\"twitter:label1\" content=\"Tiempo de lectura\" \/>\n\t<meta name=\"twitter:data1\" content=\"2 minutos\" \/>\n<script type=\"application\/ld+json\" class=\"yoast-schema-graph\">{\"@context\":\"https:\/\/schema.org\",\"@graph\":[{\"@type\":\"WebPage\",\"@id\":\"https:\/\/info.sociescuela.es\/index.php\/adquisicion-de-licencias\/\",\"url\":\"https:\/\/info.sociescuela.es\/index.php\/adquisicion-de-licencias\/\",\"name\":\"Adquisici\u00f3n de licencias - SOCIESCUELA\",\"isPartOf\":{\"@id\":\"https:\/\/info.sociescuela.es\/#website\"},\"datePublished\":\"2024-09-18T09:17:30+00:00\",\"dateModified\":\"2024-09-18T11:00:43+00:00\",\"breadcrumb\":{\"@id\":\"https:\/\/info.sociescuela.es\/index.php\/adquisicion-de-licencias\/#breadcrumb\"},\"inLanguage\":\"es\",\"potentialAction\":[{\"@type\":\"ReadAction\",\"target\":[\"https:\/\/info.sociescuela.es\/index.php\/adquisicion-de-licencias\/\"]}]},{\"@type\":\"BreadcrumbList\",\"@id\":\"https:\/\/info.sociescuela.es\/index.php\/adquisicion-de-licencias\/#breadcrumb\",\"itemListElement\":[{\"@type\":\"ListItem\",\"position\":1,\"name\":\"Portada\",\"item\":\"https:\/\/info.sociescuela.es\/\"},{\"@type\":\"ListItem\",\"position\":2,\"name\":\"Adquisici\u00f3n de licencias\"}]},{\"@type\":\"WebSite\",\"@id\":\"https:\/\/info.sociescuela.es\/#website\",\"url\":\"https:\/\/info.sociescuela.es\/\",\"name\":\"SOCIESCUELA\",\"description\":\"\",\"publisher\":{\"@id\":\"https:\/\/info.sociescuela.es\/#organization\"},\"potentialAction\":[{\"@type\":\"SearchAction\",\"target\":{\"@type\":\"EntryPoint\",\"urlTemplate\":\"https:\/\/info.sociescuela.es\/?s={search_term_string}\"},\"query-input\":{\"@type\":\"PropertyValueSpecification\",\"valueRequired\":true,\"valueName\":\"search_term_string\"}}],\"inLanguage\":\"es\"},{\"@type\":\"Organization\",\"@id\":\"https:\/\/info.sociescuela.es\/#organization\",\"name\":\"SOCIESCUELA\",\"url\":\"https:\/\/info.sociescuela.es\/\",\"logo\":{\"@type\":\"ImageObject\",\"inLanguage\":\"es\",\"@id\":\"https:\/\/info.sociescuela.es\/#\/schema\/logo\/image\/\",\"url\":\"\",\"contentUrl\":\"\",\"caption\":\"SOCIESCUELA\"},\"image\":{\"@id\":\"https:\/\/info.sociescuela.es\/#\/schema\/logo\/image\/\"}}]}<\/script>\n<!-- \/ Yoast SEO plugin. -->","yoast_head_json":{"title":"Adquisici\u00f3n de licencias - SOCIESCUELA","robots":{"index":"index","follow":"follow","max-snippet":"max-snippet:-1","max-image-preview":"max-image-preview:large","max-video-preview":"max-video-preview:-1"},"canonical":"https:\/\/info.sociescuela.es\/index.php\/adquisicion-de-licencias\/","og_locale":"es_ES","og_type":"article","og_title":"Adquisici\u00f3n de licencias - SOCIESCUELA","og_description":"Los centros pertenecientes a las Comunidades Aut\u00f3nomas, grupos o estudios con contrato de colaboraci\u00f3n con Sociescuela tienen acceso gratuito a la aplicaci\u00f3n en funci\u00f3n de acuerdo firmado. Test de convivencia * 1 test para un grupo de alumnos\/as (Grupos con entre 9 y 36 alumnos\/as) Test de screening Acuerdos de colaboraci\u00f3n curso 2024-2025 Castilla y&hellip;&nbsp;Leer m\u00e1s &raquo;Adquisici\u00f3n de licencias","og_url":"https:\/\/info.sociescuela.es\/index.php\/adquisicion-de-licencias\/","og_site_name":"SOCIESCUELA","article_modified_time":"2024-09-18T11:00:43+00:00","twitter_card":"summary_large_image","twitter_misc":{"Tiempo de lectura":"2 minutos"},"schema":{"@context":"https:\/\/schema.org","@graph":[{"@type":"WebPage","@id":"https:\/\/info.sociescuela.es\/index.php\/adquisicion-de-licencias\/","url":"https:\/\/info.sociescuela.es\/index.php\/adquisicion-de-licencias\/","name":"Adquisici\u00f3n de licencias - SOCIESCUELA","isPartOf":{"@id":"https:\/\/info.sociescuela.es\/#website"},"datePublished":"2024-09-18T09:17:30+00:00","dateModified":"2024-09-18T11:00:43+00:00","breadcrumb":{"@id":"https:\/\/info.sociescuela.es\/index.php\/adquisicion-de-licencias\/#breadcrumb"},"inLanguage":"es","potentialAction":[{"@type":"ReadAction","target":["https:\/\/info.sociescuela.es\/index.php\/adquisicion-de-licencias\/"]}]},{"@type":"BreadcrumbList","@id":"https:\/\/info.sociescuela.es\/index.php\/adquisicion-de-licencias\/#breadcrumb","itemListElement":[{"@type":"ListItem","position":1,"name":"Portada","item":"https:\/\/info.sociescuela.es\/"},{"@type":"ListItem","position":2,"name":"Adquisici\u00f3n de licencias"}]},{"@type":"WebSite","@id":"https:\/\/info.sociescuela.es\/#website","url":"https:\/\/info.sociescuela.es\/","name":"SOCIESCUELA","description":"","publisher":{"@id":"https:\/\/info.sociescuela.es\/#organization"},"potentialAction":[{"@type":"SearchAction","target":{"@type":"EntryPoint","urlTemplate":"https:\/\/info.sociescuela.es\/?s={search_term_string}"},"query-input":{"@type":"PropertyValueSpecification","valueRequired":true,"valueName":"search_term_string"}}],"inLanguage":"es"},{"@type":"Organization","@id":"https:\/\/info.sociescuela.es\/#organization","name":"SOCIESCUELA","url":"https:\/\/info.sociescuela.es\/","logo":{"@type":"ImageObject","inLanguage":"es","@id":"https:\/\/info.sociescuela.es\/#\/schema\/logo\/image\/","url":"","contentUrl":"","caption":"SOCIESCUELA"},"image":{"@id":"https:\/\/info.sociescuela.es\/#\/schema\/logo\/image\/"}}]}},"jetpack_sharing_enabled":true,"uagb_featured_image_src":{"full":false,"thumbnail":false,"medium":false,"medium_large":false,"large":false,"1536x1536":false,"2048x2048":false,"neve-blog":false},"uagb_author_info":{"display_name":"Miguel A. Huete","author_link":"https:\/\/info.sociescuela.es\/index.php\/author\/mahuete\/"},"uagb_comment_info":0,"uagb_excerpt":"Los centros pertenecientes a las Comunidades Aut\u00f3nomas, grupos o estudios con contrato de colaboraci\u00f3n con Sociescuela tienen acceso gratuito a la aplicaci\u00f3n en funci\u00f3n de acuerdo firmado. Test de convivencia * 1 test para un grupo de alumnos\/as (Grupos con entre 9 y 36 alumnos\/as) Test de screening Acuerdos de colaboraci\u00f3n curso 2024-2025 Castilla y&hellip;&nbsp;Leer&hellip;","_links":{"self":[{"href":"https:\/\/info.sociescuela.es\/index.php\/wp-json\/wp\/v2\/pages\/535","targetHints":{"allow":["GET"]}}],"collection":[{"href":"https:\/\/info.sociescuela.es\/index.php\/wp-json\/wp\/v2\/pages"}],"about":[{"href":"https:\/\/info.sociescuela.es\/index.php\/wp-json\/wp\/v2\/types\/page"}],"author":[{"embeddable":true,"href":"https:\/\/info.sociescuela.es\/index.php\/wp-json\/wp\/v2\/users\/3"}],"replies":[{"embeddable":true,"href":"https:\/\/info.sociescuela.es\/index.php\/wp-json\/wp\/v2\/comments?post=535"}],"version-history":[{"count":10,"href":"https:\/\/info.sociescuela.es\/index.php\/wp-json\/wp\/v2\/pages\/535\/revisions"}],"predecessor-version":[{"id":551,"href":"https:\/\/info.sociescuela.es\/index.php\/wp-json\/wp\/v2\/pages\/535\/revisions\/551"}],"wp:attachment":[{"href":"https:\/\/info.sociescuela.es\/index.php\/wp-json\/wp\/v2\/media?parent=535"}],"curies":[{"name":"wp","href":"https:\/\/api.w.org\/{rel}","templated":true}]}}